{"id":181,"date":"2024-05-01T13:21:34","date_gmt":"2024-05-01T11:21:34","guid":{"rendered":"http:\/\/ktftbbe.cluster023.hosting.ovh.net\/?page_id=181"},"modified":"2024-05-14T18:21:00","modified_gmt":"2024-05-14T16:21:00","slug":"la-taille","status":"publish","type":"page","link":"https:\/\/acrocordes-elagage.fr\/index.php\/la-taille\/","title":{"rendered":"La taille"},"content":{"rendered":"\n<div class=\"wp-block-columns is-layout-flex wp-container-core-columns-is-layout-9d6595d7 wp-block-columns-is-layout-flex\">\n<div class=\"wp-block-column is-layout-flow wp-block-column-is-layout-flow\">\n<div style=\"height:186px\" aria-hidden=\"true\" class=\"wp-block-spacer\"><\/div>\n\n\n\n<p class=\"has-white-color has-text-color has-link-color wp-elements-4739d72527b200617665ebf36a3bcf82\">La taille des arbres demande une comp\u00e9tence technique et une sensibilit\u00e9 esth\u00e9tique.<\/p>\n\n\n\n<p class=\"has-white-color has-text-color has-link-color wp-elements-4b8ee22143c9b4bdbf8c1d7f27492a48\">Nous comprenons les besoins sp\u00e9cifiques de chaque esp\u00e8ce et les m\u00e9thodes adapt\u00e9es pour favoriser leur sant\u00e9 et beaut\u00e9.<\/p>\n\n\n\n<p class=\"has-white-color has-text-color has-link-color wp-elements-ac036ece5aa11be79ed85735d6a9fa62\">Notre \u00e9quipe ma\u00eetrise les techniques appropri\u00e9 pour contr\u00f4ler la croissance ou sculpter des formes \u00e9l\u00e9gantes, tout en pr\u00e9servant la splendeur de vos arbres.<\/p>\n<\/div>\n\n\n\n<div class=\"wp-block-column is-layout-flow wp-block-column-is-layout-flow\">\n<figure class=\"wp-block-image size-large is-style-rounded\"><img loading=\"lazy\" decoding=\"async\" width=\"717\" height=\"1024\" src=\"https:\/\/acrocordes-elagage.fr\/wp-content\/uploads\/2024\/05\/DSC6033-1-717x1024.jpg\" alt=\"\" class=\"wp-image-322\" srcset=\"https:\/\/acrocordes-elagage.fr\/wp-content\/uploads\/2024\/05\/DSC6033-1-717x1024.jpg 717w, https:\/\/acrocordes-elagage.fr\/wp-content\/uploads\/2024\/05\/DSC6033-1-210x300.jpg 210w, https:\/\/acrocordes-elagage.fr\/wp-content\/uploads\/2024\/05\/DSC6033-1-768x1096.jpg 768w, https:\/\/acrocordes-elagage.fr\/wp-content\/uploads\/2024\/05\/DSC6033-1-1076x1536.jpg 1076w, https:\/\/acrocordes-elagage.fr\/wp-content\/uploads\/2024\/05\/DSC6033-1-1435x2048.jpg 1435w, https:\/\/acrocordes-elagage.fr\/wp-content\/uploads\/2024\/05\/DSC6033-1-scaled.jpg 1793w\" sizes=\"auto, (max-width: 717px) 100vw, 717px\" \/><figcaption class=\"wp-element-caption\">\u00c9lagage Hossegor<\/figcaption><\/figure>\n<\/div>\n<\/div>\n","protected":false},"excerpt":{"rendered":"<p>La taille des arbres demande une comp\u00e9tence technique et une sensibilit\u00e9 esth\u00e9tique. Nous comprenons les besoins sp\u00e9cifiques de chaque esp\u00e8ce et les m\u00e9thodes adapt\u00e9es pour favoriser leur sant\u00e9 et beaut\u00e9. Notre \u00e9quipe ma\u00eetrise les techniques appropri\u00e9 pour contr\u00f4ler la croissance ou sculpter des formes \u00e9l\u00e9gantes, tout en pr\u00e9servant la splendeur de vos arbres.<\/p>\n","protected":false},"author":1,"featured_media":0,"parent":0,"menu_order":0,"comment_status":"closed","ping_status":"closed","template":"","meta":{"footnotes":""},"class_list":["post-181","page","type-page","status-publish"],"_links":{"self":[{"href":"https:\/\/acrocordes-elagage.fr\/index.php\/wp-json\/wp\/v2\/pages\/181","targetHints":{"allow":["GET"]}}],"collection":[{"href":"https:\/\/acrocordes-elagage.fr\/index.php\/wp-json\/wp\/v2\/pages"}],"about":[{"href":"https:\/\/acrocordes-elagage.fr\/index.php\/wp-json\/wp\/v2\/types\/page"}],"author":[{"embeddable":true,"href":"https:\/\/acrocordes-elagage.fr\/index.php\/wp-json\/wp\/v2\/users\/1"}],"replies":[{"embeddable":true,"href":"https:\/\/acrocordes-elagage.fr\/index.php\/wp-json\/wp\/v2\/comments?post=181"}],"version-history":[{"count":12,"href":"https:\/\/acrocordes-elagage.fr\/index.php\/wp-json\/wp\/v2\/pages\/181\/revisions"}],"predecessor-version":[{"id":398,"href":"https:\/\/acrocordes-elagage.fr\/index.php\/wp-json\/wp\/v2\/pages\/181\/revisions\/398"}],"wp:attachment":[{"href":"https:\/\/acrocordes-elagage.fr\/index.php\/wp-json\/wp\/v2\/media?parent=181"}],"curies":[{"name":"wp","href":"https:\/\/api.w.org\/{rel}","templated":true}]}}