{"id":177,"date":"2024-05-01T13:20:57","date_gmt":"2024-05-01T11:20:57","guid":{"rendered":"http:\/\/ktftbbe.cluster023.hosting.ovh.net\/?page_id=177"},"modified":"2024-05-14T18:23:27","modified_gmt":"2024-05-14T16:23:27","slug":"la-taille-raisonnee","status":"publish","type":"page","link":"https:\/\/acrocordes-elagage.fr\/index.php\/la-taille-raisonnee\/","title":{"rendered":"La taille raisonn\u00e9e"},"content":{"rendered":"\n<div class=\"wp-block-columns is-layout-flex wp-container-core-columns-is-layout-9d6595d7 wp-block-columns-is-layout-flex\">\n<div class=\"wp-block-column is-layout-flow wp-block-column-is-layout-flow\">\n<div style=\"height:100px\" aria-hidden=\"true\" class=\"wp-block-spacer\"><\/div>\n\n\n\n<p class=\"has-white-color has-text-color has-link-color wp-elements-52bf601014009a208679feaabb7af177\">Notre soci\u00e9t\u00e9 a \u00e0 coeur de travailler dans le respect de l\u2019environnement : la taille raisonn\u00e9e se pr\u00e9sente comme une pratique essentielle dans l\u2019entretien du patrimoine aboricole.<\/p>\n\n\n\n<p class=\"has-white-color has-text-color has-link-color wp-elements-33293fe7120e22f79d681dcf072c0eab\">Cette technique vise \u00e0 optimiser la croissance des v\u00e9g\u00e9taux tout en pr\u00e9servant leur forme naturelle et leur sant\u00e9.<\/p>\n\n\n\n<p class=\"has-white-color has-text-color has-link-color wp-elements-df6d29c26da4957f7cdad0c64a912519\">Contrairement \u00e0 une taille excessive ou arbitraire, la taille raisonn\u00e9e repose sur une compr\u00e9hension approfondie de la physiologie des arbres.<\/p>\n\n\n\n<p class=\"has-white-color has-text-color has-link-color wp-elements-b9e6202cd1ee1817cd5cbac75387a148\">En \u00e9liminant de mani\u00e8re s\u00e9lective les branches mortes, malades ou superflues, on favorise la circulation de l\u2019air et de la lumi\u00e8re, stimulant ainsi le d\u00e9veloppement de nouvelles pousses.<\/p>\n\n\n\n<p class=\"has-white-color has-text-color has-link-color wp-elements-6181a8f8de64f80dc3e2b7a3db27b427\">En choisissant cette approche, on encourage une croissance saine et \u00e9quilibr\u00e9e, assurant ainsi la long\u00e9vit\u00e9 et la beaut\u00e9 des v\u00e9g\u00e9taux au fil du temps.<\/p>\n<\/div>\n\n\n\n<div class=\"wp-block-column is-layout-flow wp-block-column-is-layout-flow\">\n<figure class=\"wp-block-image size-large is-style-rounded\"><img loading=\"lazy\" decoding=\"async\" width=\"681\" height=\"1024\" src=\"https:\/\/acrocordes-elagage.fr\/wp-content\/uploads\/2024\/05\/DSC5542-681x1024.jpg\" alt=\"\" class=\"wp-image-341\" srcset=\"https:\/\/acrocordes-elagage.fr\/wp-content\/uploads\/2024\/05\/DSC5542-681x1024.jpg 681w, https:\/\/acrocordes-elagage.fr\/wp-content\/uploads\/2024\/05\/DSC5542-200x300.jpg 200w, https:\/\/acrocordes-elagage.fr\/wp-content\/uploads\/2024\/05\/DSC5542-768x1154.jpg 768w, https:\/\/acrocordes-elagage.fr\/wp-content\/uploads\/2024\/05\/DSC5542-1022x1536.jpg 1022w, https:\/\/acrocordes-elagage.fr\/wp-content\/uploads\/2024\/05\/DSC5542-1363x2048.jpg 1363w, https:\/\/acrocordes-elagage.fr\/wp-content\/uploads\/2024\/05\/DSC5542-scaled.jpg 1704w\" sizes=\"auto, (max-width: 681px) 100vw, 681px\" \/><figcaption class=\"wp-element-caption\">\u00c9lagage Mont-De-Marsan<\/figcaption><\/figure>\n<\/div>\n<\/div>\n\n\n\n<p><\/p>\n","protected":false},"excerpt":{"rendered":"<p>Notre soci\u00e9t\u00e9 a \u00e0 coeur de travailler dans le respect de l\u2019environnement : la taille raisonn\u00e9e se pr\u00e9sente comme une pratique essentielle dans l\u2019entretien du patrimoine aboricole. Cette technique vise \u00e0 optimiser la croissance des v\u00e9g\u00e9taux tout en pr\u00e9servant leur forme naturelle et leur sant\u00e9. Contrairement \u00e0 une taille excessive ou arbitraire, la taille raisonn\u00e9e repose sur une compr\u00e9hension approfondie de la physiologie des arbres. En \u00e9liminant de mani\u00e8re s\u00e9lective les branches mortes, malades ou superflues, on favorise la circulation de l\u2019air et de la lumi\u00e8re, stimulant ainsi le d\u00e9veloppement de nouvelles pousses. En choisissant cette approche, on encourage une croissance saine et \u00e9quilibr\u00e9e, assurant ainsi la long\u00e9vit\u00e9 et la beaut\u00e9 des v\u00e9g\u00e9taux au fil du temps.<\/p>\n","protected":false},"author":1,"featured_media":0,"parent":0,"menu_order":0,"comment_status":"closed","ping_status":"closed","template":"","meta":{"footnotes":""},"class_list":["post-177","page","type-page","status-publish"],"_links":{"self":[{"href":"https:\/\/acrocordes-elagage.fr\/index.php\/wp-json\/wp\/v2\/pages\/177","targetHints":{"allow":["GET"]}}],"collection":[{"href":"https:\/\/acrocordes-elagage.fr\/index.php\/wp-json\/wp\/v2\/pages"}],"about":[{"href":"https:\/\/acrocordes-elagage.fr\/index.php\/wp-json\/wp\/v2\/types\/page"}],"author":[{"embeddable":true,"href":"https:\/\/acrocordes-elagage.fr\/index.php\/wp-json\/wp\/v2\/users\/1"}],"replies":[{"embeddable":true,"href":"https:\/\/acrocordes-elagage.fr\/index.php\/wp-json\/wp\/v2\/comments?post=177"}],"version-history":[{"count":5,"href":"https:\/\/acrocordes-elagage.fr\/index.php\/wp-json\/wp\/v2\/pages\/177\/revisions"}],"predecessor-version":[{"id":401,"href":"https:\/\/acrocordes-elagage.fr\/index.php\/wp-json\/wp\/v2\/pages\/177\/revisions\/401"}],"wp:attachment":[{"href":"https:\/\/acrocordes-elagage.fr\/index.php\/wp-json\/wp\/v2\/media?parent=177"}],"curies":[{"name":"wp","href":"https:\/\/api.w.org\/{rel}","templated":true}]}}